 greatest common divisor of 97 and 9137982?
97
Calculate the highest common factor of 1070800 and 400.
400
What is the highest common divisor of 89033 and 98?
49
What is the greatest common factor of 187 and 539869?
187
Calculate the highest common factor of 4488 and 510.
102
Calculate the greatest common factor of 32792 and 928.
8
What is the greatest common factor of 13179 and 552?
69
Calculate the greatest common divisor of 1080 and 252180.
540
What is the highest common factor of 126 and 20468?
14
Calculate the highest common factor of 283476 and 24.
12
What is the greatest common factor of 8320 and 5?
5
Calculate the highest common divisor of 352 and 309892.
44
What is the greatest common factor of 16485 and 16590?
105
What is the greatest common factor of 104 and 5174?
26
Calculate the greatest common divisor of 577368 and 88.
88
Calculate the highest common divisor of 426 and 11218.
142
Calculate the highest common factor of 598035 and 20.
5
Calculate the greatest common factor of 160 and 10688.
32
Calculate the highest common divisor of 1296 and 1701.
81
Calculate the highest common divisor of 2082004 and 284.
284
Calculate the highest common factor of 135 and 33825.
15
Calculate the highest common divisor of 22275 and 440.
55
Calculate the highest common factor of 22826 and 54742.
202
What is the greatest common divisor of 11892342 and 231?
231
Calculate the greatest common factor of 270 and 2648970.
270
Calculate the greatest common factor of 183241 and 2139.
713
Calculate the greatest common factor of 25350 and 350.
50
What is the greatest common divisor of 72 and 55620?
36
Calculate the greatest common factor of 652 and 1574417.
163
What is the highest common factor of 14848 and 2432?
128
What is the highest common factor of 16070 and 50?
10
What is the highest common factor of 688 and 678196?
172
Calculate the greatest common divisor of 70 and 158494.
14
What is the greatest common factor of 13 and 353990?
13
Calculate the greatest common divisor of 6481032 and 597.
597
Calculate the greatest common divisor of 7692 and 1524.
12
What is the highest common divisor of 2505 and 369237?
501
What is the greatest common divisor of 49 and 10430?
7
What is the highest common factor of 396 and 88792?
44
Calculate the highest common factor of 3975 and 2925.
75
What is the greatest common factor of 28581 and 5544?
21
Calculate the highest common factor of 1152 and 2432.
128
What is the greatest common factor of 8547 and 4699?
37
What is the greatest common divisor of 135 and 750?
15
What is the highest common divisor of 10866 and 3?
3
What is the greatest common factor of 2752 and 43?
43
What is the greatest common divisor of 29 and 1370569?
29
Calculate the highest common factor of 312990 and 100.
10
Calculate the highest common divisor of 2380 and 850.
170
Calculate the highest common divisor of 19637 and 511.
73
Calculate the greatest common divisor of 5016 and 3192.
456
What is the greatest common divisor of 165 and 90717?
33
What is the highest common divisor of 111 and 361749?
111
Calculate the highest common divisor of 116200 and 18400.
200
What is the highest common factor of 45 and 1773?
9
What is the greatest common factor of 9180 and 320220?
540
What is the highest common factor of 3588 and 1404?
156
What is the highest common divisor of 322 and 323771?
161
Calculate the highest common factor of 140 and 17310.
10
What is the highest common factor of 174 and 245282?
58
What is the greatest common factor of 2225 and 669280?
445
What is the highest common divisor of 57540 and 8610?
210
What is the highest common factor of 405 and 33885?
135
What is the greatest common divisor of 269 and 1103?
1
Calculate the highest common factor of 71650 and 500.
50
What is the greatest common divisor of 29376 and 13311?
459
Calculate the highest common factor of 1494174 and 99.
33
What is the highest common divisor of 266 and 33124?
14
Calculate the greatest common factor of 52 and 117000.
52
Calculate the greatest common factor of 290 and 75574.
58
Calculate the highest common factor of 44702 and 618.
206
What is the greatest common divisor of 660 and 2132328?
132
Calculate the greatest common factor of 24258 and 624.
78
What is the highest common divisor of 21730 and 32?
2
What is the greatest common factor of 73 and 27667?
73
What is the highest common divisor of 25 and 66425?
25
Calculate the greatest common divisor of 89027 and 254.
127
What is the highest common factor of 4250 and 29000?
250
Calculate the greatest common factor of 192 and 60168.
24
Calculate the greatest common divisor of 31878 and 3519.
207
Calculate the greatest common factor of 750 and 12030.
30
What is the highest common divisor of 8654 and 32?
2
Calculate the highest common divisor of 2427964 and 770.
154
Calculate the highest common factor of 16 and 269624.
8
What is the highest common divisor of 1342 and 3586?
22
What is the greatest common divisor of 18 and 2313?
9
Calculate the highest common divisor of 100895 and 4250.
85
Calculate the greatest common factor of 49590 and 15200.
190
What is the greatest common divisor of 42 and 682782?
6
What is the highest common divisor of 2660 and 231610?
190
Calculate the highest common divisor of 2407763 and 47.
47
Calculate the greatest common factor of 124336 and 912.
304
Calculate the greatest common divisor of 39200 and 49.
49
Calculate the greatest common factor of 45 and 927.
9
Calculate the greatest common divisor of 36 and 8729172.
36
What is the greatest common divisor of 483 and 54993?
69
Calculate the greatest common divisor of 48 and 6057600.
48
Calculate the greatest common divisor of 1208 and 1137483.
151
Calculate the highest common divisor of 210 and 24802.
2
What is the highest common factor of 246257 and 5368?
671
Calculate the highest common divisor of 1292 and 34034.
34
What is the highest common divisor of 108 and 480708?
108
Calculate the highest common divisor of 108875 and 39.
13
What is the greatest common divisor of 17100 and 2580?
60
What is the greatest common factor of 11237 and 102?
17
What is the highest common divisor of 786882 and 838?
838
Calculate the highest common divisor of 27 and 921429.
27
Calculate the greatest common factor of 826 and 182.
14
What is the highest common factor of 594 and 12133?
11
What is the highest common divisor of 1508 and 64090?
754
What is the highest common divisor of 389315 and 15?
5
Calculate the greatest common divisor of 20508 and 240.
12
Calculate the highest common divisor of 13233217 and 139.
139
Calculate the greatest common divisor of 2131307 and 34.
17
Calculate the highest common factor of 276024 and 9331.
217
Calculate the greatest common divisor of 6 and 300306.
6
What is the highest common factor of 226 and 849308?
226
What is the greatest common divisor of 26059 and 253?
253
What is the highest common factor of 56 and 368004?
28
Calculate the highest common factor of 152 and 6984.
8
Calculate the greatest common factor of 17730 and 6840.
90
Calculate the greatest common factor of 533 and 55801.
41
Calculate the greatest common divisor of 261 and 454401.
261
Calculate the greatest common divisor of 6052 and 26724.
68
What is the greatest common divisor of 365790 and 1918?
274
What is the greatest common divisor of 4255 and 10580?
115
What is the greatest common factor of 69 and 381?
3
Calculate the greatest common divisor of 393 and 30.
3
What is the greatest common factor of 53235 and 210?
105
Calculate the greatest common factor of 48538 and 14.
14
Calculate the greatest common factor of 3283 and 206628.
67
Calculate the highest common factor of 7962 and 6.
6
What is the greatest common factor of 94 and 3081226?
94
Calculate the highest common divisor of 894 and 498.
6
Calculate the highest common factor of 62620 and 4960.
620
Calculate the highest common factor of 195 and 25.
5
Calculate the highest common divisor of 58 and 469394.
58
What is the highest common divisor of 452390 and 190?
190
Calculate the highest common divisor of 5028 and 242601.
1257
What is the greatest common factor of 2832 and 43944?
24
Calculate the greatest common factor of 25088 and 2156.
196
What is the highest common factor of 1728 and 97536?
192
Calculate the greates